[INFO] cloning repository https://github.com/nappa85/marsrover
[INFO] running `Command { std: "git" "-c" "credential.helper=" "-c" "credential.helper=/workspace/cargo-home/bin/git-credential-null" "clone" "--bare" "https://github.com/nappa85/marsrover" "/workspace/cache/git-repos/https%3A%2F%2Fgithub.com%2Fnappa85%2Fmarsrover", kill_on_drop: false }`
[INFO] [stderr] Cloning into bare repository '/workspace/cache/git-repos/https%3A%2F%2Fgithub.com%2Fnappa85%2Fmarsrover'...
[INFO] running `Command { std: "git" "rev-parse" "HEAD", kill_on_drop: false }`
[INFO] [stdout] 94491e8bc709247c9457db8fb80cf50de863fb95
[INFO] checking nappa85/marsrover against master#af3c6e733a40e671550e0f0f5aeecaa13772ba56 for pr-74989
[INFO] running `Command { std: "git" "clone" "/workspace/cache/git-repos/https%3A%2F%2Fgithub.com%2Fnappa85%2Fmarsrover" "/workspace/builds/worker-0/source", kill_on_drop: false }`
[INFO] [stderr] Cloning into '/workspace/builds/worker-0/source'...
[INFO] [stderr] done.
[INFO] validating manifest of git repo https://github.com/nappa85/marsrover on toolchain af3c6e733a40e671550e0f0f5aeecaa13772ba56
[INFO] running `Command { std: "/workspace/cargo-home/bin/cargo" "+af3c6e733a40e671550e0f0f5aeecaa13772ba56" "read-manifest" "--manifest-path" "Cargo.toml", kill_on_drop: false }`
[INFO] started tweaking git repo https://github.com/nappa85/marsrover
[INFO] finished tweaking git repo https://github.com/nappa85/marsrover
[INFO] tweaked toml for git repo https://github.com/nappa85/marsrover written to /workspace/builds/worker-0/source/Cargo.toml
[INFO] crate git repo https://github.com/nappa85/marsrover already has a lockfile, it will not be regenerated
[INFO] running `Command { std: "/workspace/cargo-home/bin/cargo" "+af3c6e733a40e671550e0f0f5aeecaa13772ba56" "fetch" "--locked" "--manifest-path" "Cargo.toml", kill_on_drop: false }`
[INFO] [stderr]     Blocking waiting for file lock on package cache
[INFO] [stderr]  Downloading crates ...
[INFO] [stderr]   Downloaded mio v0.6.12
[INFO] [stderr]   Downloaded libc v0.2.35
[INFO] [stderr]   Downloaded hyper v0.11.12
[INFO] running `Command { std: "docker" "create" "-v" "/var/lib/crater-agent-workspace/builds/worker-0/target:/opt/rustwide/target:rw,Z" "-v" "/var/lib/crater-agent-workspace/builds/worker-0/source:/opt/rustwide/workdir:ro,Z" "-v" "/var/lib/crater-agent-workspace/cargo-home:/opt/rustwide/cargo-home:ro,Z" "-v" "/var/lib/crater-agent-workspace/rustup-home:/opt/rustwide/rustup-home:ro,Z" "-e" "SOURCE_DIR=/opt/rustwide/workdir" "-e" "CARGO_TARGET_DIR=/opt/rustwide/target" "-e" "CARGO_HOME=/opt/rustwide/cargo-home" "-e" "RUSTUP_HOME=/opt/rustwide/rustup-home" "-w" "/opt/rustwide/workdir" "-m" "1610612736" "--user" "0:0" "--network" "none" "rustops/crates-build-env@sha256:d92eaeed33fa75130ca1ee6c8a01d1ffb62bac859dfdfb3450e3e5d1c0146529" "/opt/rustwide/cargo-home/bin/cargo" "+af3c6e733a40e671550e0f0f5aeecaa13772ba56" "metadata" "--no-deps" "--format-version=1", kill_on_drop: false }`
[INFO] [stderr] WARNING: Your kernel does not support swap limit capabilities or the cgroup is not mounted. Memory limited without swap.
[INFO] [stdout] 85fae91e38d6aa20ba8da9ed172165fd1efcc4dc58a266493b4323ca07bce1be
[INFO] running `Command { std: "docker" "start" "-a" "85fae91e38d6aa20ba8da9ed172165fd1efcc4dc58a266493b4323ca07bce1be", kill_on_drop: false }`
[INFO] running `Command { std: "docker" "inspect" "85fae91e38d6aa20ba8da9ed172165fd1efcc4dc58a266493b4323ca07bce1be", kill_on_drop: false }`
[INFO] running `Command { std: "docker" "rm" "-f" "85fae91e38d6aa20ba8da9ed172165fd1efcc4dc58a266493b4323ca07bce1be", kill_on_drop: false }`
[INFO] [stdout] 85fae91e38d6aa20ba8da9ed172165fd1efcc4dc58a266493b4323ca07bce1be
[INFO] running `Command { std: "docker" "create" "-v" "/var/lib/crater-agent-workspace/builds/worker-0/target:/opt/rustwide/target:rw,Z" "-v" "/var/lib/crater-agent-workspace/builds/worker-0/source:/opt/rustwide/workdir:ro,Z" "-v" "/var/lib/crater-agent-workspace/cargo-home:/opt/rustwide/cargo-home:ro,Z" "-v" "/var/lib/crater-agent-workspace/rustup-home:/opt/rustwide/rustup-home:ro,Z" "-e" "SOURCE_DIR=/opt/rustwide/workdir" "-e" "CARGO_TARGET_DIR=/opt/rustwide/target" "-e" "CARGO_INCREMENTAL=0" "-e" "RUST_BACKTRACE=full" "-e" "RUSTFLAGS=--cap-lints=forbid" "-e" "CARGO_HOME=/opt/rustwide/cargo-home" "-e" "RUSTUP_HOME=/opt/rustwide/rustup-home" "-w" "/opt/rustwide/workdir" "-m" "1610612736" "--user" "0:0" "--network" "none" "rustops/crates-build-env@sha256:d92eaeed33fa75130ca1ee6c8a01d1ffb62bac859dfdfb3450e3e5d1c0146529" "/opt/rustwide/cargo-home/bin/cargo" "+af3c6e733a40e671550e0f0f5aeecaa13772ba56" "check" "--frozen" "--all" "--all-targets" "--message-format=json", kill_on_drop: false }`
[INFO] [stdout] 91a47e31481b0bdbab2342213f0ac85faf5d3831e953093f30103cd0feef164e
[INFO] [stderr] WARNING: Your kernel does not support swap limit capabilities or the cgroup is not mounted. Memory limited without swap.
[INFO] running `Command { std: "docker" "start" "-a" "91a47e31481b0bdbab2342213f0ac85faf5d3831e953093f30103cd0feef164e", kill_on_drop: false }`
[INFO] [stderr]     Checking libc v0.2.35
[INFO] [stderr]     Checking cfg-if v0.1.2
[INFO] [stderr]     Checking futures v0.1.17
[INFO] [stderr]     Checking byteorder v1.2.1
[INFO] [stderr]     Checking slab v0.3.0
[INFO] [stderr]     Checking lazycell v0.6.0
[INFO] [stderr]     Checking scoped-tls v0.1.0
[INFO] [stderr]     Checking void v1.0.2
[INFO] [stderr]     Checking slab v0.4.0
[INFO] [stderr]     Checking take v0.1.0
[INFO] [stderr]     Checking safemem v0.2.0
[INFO] [stderr]     Checking smallvec v0.2.1
[INFO] [stderr]     Checking httparse v1.2.3
[INFO] [stderr]     Checking sphericalmercator v0.1.0 (https://github.com/nappa85/rust-sphericalmercator.git#dfd119f6)
[INFO] [stderr]     Checking log v0.4.1
[INFO] [stderr]     Checking mime v0.3.5
[INFO] [stderr]     Checking unreachable v1.0.0
[INFO] [stderr]     Checking thread_local v0.3.5
[INFO] [stderr]     Checking log v0.3.9
[INFO] [stderr]     Checking base64 v0.9.0
[INFO] [stderr]     Checking iovec v0.1.1
[INFO] [stderr]     Checking net2 v0.2.31
[INFO] [stderr]     Checking rand v0.3.20
[INFO] [stderr]     Checking num_cpus v1.8.0
[INFO] [stderr]     Checking memchr v2.0.1
[INFO] [stderr]     Checking time v0.1.39
[INFO] [stderr]     Checking bytes v0.4.6
[INFO] [stderr]     Checking aho-corasick v0.6.4
[INFO] [stderr]     Checking mio v0.6.12
[INFO] [stderr]     Checking regex v0.2.5
[INFO] [stderr]     Checking tokio-io v0.1.4
[INFO] [stderr]     Checking tokio-service v0.1.0
[INFO] [stderr]     Checking futures-cpupool v0.1.8
[INFO] [stderr]     Checking relay v0.1.0
[INFO] [stderr]     Checking tokio-core v0.1.12
[INFO] [stderr]     Checking tokio-proto v0.1.1
[INFO] [stderr]     Checking hyper v0.11.12
[INFO] [stderr]     Checking marsrover v0.1.0 (/opt/rustwide/workdir)
[INFO] [stdout] error[E0583]: file not found for module `marsrover`
[INFO] [stdout]  --> src/main.rs:6:1
[INFO] [stdout]   |
[INFO] [stdout] 6 | mod marsrover;
[INFO] [stdout]   | ^^^^^^^^^^^^^^
[INFO] [stdout]   |
[INFO] [stdout]   = help: to create the module `marsrover`, create file "src/marsrover.rs"
[INFO] [stdout] 
[INFO] [stdout] 
[INFO] [stdout] error[E0583]: file not found for module `marsrover`
[INFO] [stdout]  --> src/main.rs:6:1
[INFO] [stdout]   |
[INFO] [stdout] 6 | mod marsrover;
[INFO] [stdout]   | ^^^^^^^^^^^^^^
[INFO] [stdout]   |
[INFO] [stdout]   = help: to create the module `marsrover`, create file "src/marsrover.rs"
[INFO] [stdout] 
[INFO] [stdout] 
[INFO] [stdout] error[E0432]: unresolved import `marsrover::MarsRover`
[INFO] [stdout]   --> src/main.rs:14:5
[INFO] [stdout]    |
[INFO] [stdout] 14 | use marsrover::MarsRover as MarsRover;
[INFO] [stdout]    |     ^^^^^^^^^^^^^^^^^^^^^^^^^^^^^^^^^ no `MarsRover` in `marsrover`
[INFO] [stdout] 
[INFO] [stdout] 
[INFO] [stdout] warning: trait objects without an explicit `dyn` are deprecated
[INFO] [stdout]   --> src/webserver.rs:24:20
[INFO] [stdout]    |
[INFO] [stdout] 24 |     type Future = Box<Future<Item=Self::Response, Error=Self::Error>>;
[INFO] [stdout]    |                       ^^^^^^^^^^^^^^^^^^^^^^^^^^^^^^^^^^^^^^^^^^^^^^ help: use `dyn`: `dyn Future<Item=Self::Response, Error=Self::Error>`
[INFO] [stdout]    |
[INFO] [stdout]    = note: `#[warn(bare_trait_objects)]` on by default
[INFO] [stdout] 
[INFO] [stdout] 
[INFO] [stdout] warning: use of deprecated constant `std::sync::ONCE_INIT`: the `new` function is now preferred
[INFO] [stdout]   --> src/main.rs:18:1
[INFO] [stdout]    |
[INFO] [stdout] 18 | / lazy_static! {
[INFO] [stdout] 19 | |     static ref ROVER: Arc<Mutex<MarsRover>> = Arc::new(Mutex::new(MarsRover::new()));
[INFO] [stdout] 20 | | }
[INFO] [stdout]    | |_^
[INFO] [stdout]    |
[INFO] [stdout]    = note: `#[warn(deprecated)]` on by default
[INFO] [stdout]    = note: this warning originates in a macro (in Nightly builds, run with -Z macro-backtrace for more info)
[INFO] [stdout] 
[INFO] [stdout] 
[INFO] [stdout] error[E0432]: unresolved import `marsrover::MarsRover`
[INFO] [stdout]   --> src/main.rs:14:5
[INFO] [stdout]    |
[INFO] [stdout] 14 | use marsrover::MarsRover as MarsRover;
[INFO] [stdout]    |     ^^^^^^^^^^^^^^^^^^^^^^^^^^^^^^^^^ no `MarsRover` in `marsrover`
[INFO] [stdout] 
[INFO] [stdout] 
[INFO] [stdout] warning: trait objects without an explicit `dyn` are deprecated
[INFO] [stdout]   --> src/webserver.rs:24:20
[INFO] [stdout]    |
[INFO] [stdout] 24 |     type Future = Box<Future<Item=Self::Response, Error=Self::Error>>;
[INFO] [stdout]    |                       ^^^^^^^^^^^^^^^^^^^^^^^^^^^^^^^^^^^^^^^^^^^^^^ help: use `dyn`: `dyn Future<Item=Self::Response, Error=Self::Error>`
[INFO] [stdout]    |
[INFO] [stdout]    = note: `#[warn(bare_trait_objects)]` on by default
[INFO] [stdout] 
[INFO] [stdout] 
[INFO] [stdout] warning: use of deprecated constant `std::sync::ONCE_INIT`: the `new` function is now preferred
[INFO] [stdout]   --> src/main.rs:18:1
[INFO] [stdout]    |
[INFO] [stdout] 18 | / lazy_static! {
[INFO] [stdout] 19 | |     static ref ROVER: Arc<Mutex<MarsRover>> = Arc::new(Mutex::new(MarsRover::new()));
[INFO] [stdout] 20 | | }
[INFO] [stdout]    | |_^
[INFO] [stdout]    |
[INFO] [stdout]    = note: `#[warn(deprecated)]` on by default
[INFO] [stdout]    = note: this warning originates in a macro (in Nightly builds, run with -Z macro-backtrace for more info)
[INFO] [stdout] 
[INFO] [stdout] 
[INFO] [stdout] error[E0599]: no method named `clone` found for struct `ROVER` in the current scope
[INFO] [stdout]    --> src/main.rs:29:20
[INFO] [stdout]     |
[INFO] [stdout] 18  | / lazy_static! {
[INFO] [stdout] 19  | |     static ref ROVER: Arc<Mutex<MarsRover>> = Arc::new(Mutex::new(MarsRover::new()));
[INFO] [stdout] 20  | | }
[INFO] [stdout]     | |_- method `clone` not found for this
[INFO] [stdout] ...
[INFO] [stdout] 29  |           let temp = ROVER.clone();
[INFO] [stdout]     |                            ^^^^^ method not found in `ROVER`
[INFO] [stdout]     |
[INFO] [stdout]     = help: items from traits can only be used if the trait is implemented and in scope
[INFO] [stdout]     = note: the following trait defines an item `clone`, perhaps you need to implement it:
[INFO] [stdout]             candidate #1: `Clone`
[INFO] [stdout] 
[INFO] [stdout] 
[INFO] [stdout] error[E0599]: no method named `clone` found for struct `ROVER` in the current scope
[INFO] [stdout]    --> src/webserver.rs:35:23
[INFO] [stdout]     |
[INFO] [stdout] 35  |                       let temp = ROVER.clone();
[INFO] [stdout]     |                                        ^^^^^ method not found in `ROVER`
[INFO] [stdout]     | 
[INFO] [stdout]    ::: src/main.rs:18:1
[INFO] [stdout]     |
[INFO] [stdout] 18  | / lazy_static! {
[INFO] [stdout] 19  | |     static ref ROVER: Arc<Mutex<MarsRover>> = Arc::new(Mutex::new(MarsRover::new()));
[INFO] [stdout] 20  | | }
[INFO] [stdout]     | |_- method `clone` not found for this
[INFO] [stdout]     |
[INFO] [stdout]     = help: items from traits can only be used if the trait is implemented and in scope
[INFO] [stdout]     = note: the following trait defines an item `clone`, perhaps you need to implement it:
[INFO] [stdout]             candidate #1: `Clone`
[INFO] [stdout] 
[INFO] [stdout] 
[INFO] [stdout] error[E0599]: no method named `clone` found for struct `ROVER` in the current scope
[INFO] [stdout]    --> src/main.rs:29:20
[INFO] [stdout]     |
[INFO] [stdout] 18  | / lazy_static! {
[INFO] [stdout] 19  | |     static ref ROVER: Arc<Mutex<MarsRover>> = Arc::new(Mutex::new(MarsRover::new()));
[INFO] [stdout] 20  | | }
[INFO] [stdout]     | |_- method `clone` not found for this
[INFO] [stdout] ...
[INFO] [stdout] 29  |           let temp = ROVER.clone();
[INFO] [stdout]     |                            ^^^^^ method not found in `ROVER`
[INFO] [stdout]     |
[INFO] [stdout]     = help: items from traits can only be used if the trait is implemented and in scope
[INFO] [stdout]     = note: the following trait defines an item `clone`, perhaps you need to implement it:
[INFO] [stdout]             candidate #1: `Clone`
[INFO] [stdout] 
[INFO] [stdout] 
[INFO] [stdout] error: aborting due to 4 previous errors; 2 warnings emitted
[INFO] [stdout] 
[INFO] [stdout] 
[INFO] [stdout] Some errors have detailed explanations: E0432, E0583, E0599.
[INFO] [stdout] 
[INFO] [stdout] For more information about an error, try `rustc --explain E0432`.
[INFO] [stdout] 
[INFO] [stdout] error[E0599]: no method named `clone` found for struct `ROVER` in the current scope
[INFO] [stdout]    --> src/webserver.rs:35:23
[INFO] [stdout]     |
[INFO] [stdout] 35  |                       let temp = ROVER.clone();
[INFO] [stdout]     |                                        ^^^^^ method not found in `ROVER`
[INFO] [stdout]     | 
[INFO] [stdout]    ::: src/main.rs:18:1
[INFO] [stdout]     |
[INFO] [stdout] 18  | / lazy_static! {
[INFO] [stdout] 19  | |     static ref ROVER: Arc<Mutex<MarsRover>> = Arc::new(Mutex::new(MarsRover::new()));
[INFO] [stdout] 20  | | }
[INFO] [stdout]     | |_- method `clone` not found for this
[INFO] [stdout]     |
[INFO] [stdout]     = help: items from traits can only be used if the trait is implemented and in scope
[INFO] [stdout]     = note: the following trait defines an item `clone`, perhaps you need to implement it:
[INFO] [stdout]             candidate #1: `Clone`
[INFO] [stdout] 
[INFO] [stdout] 
[INFO] [stdout] error: aborting due to 4 previous errors; 2 warnings emitted
[INFO] [stdout] 
[INFO] [stdout] 
[INFO] [stdout] Some errors have detailed explanations: E0432, E0583, E0599.
[INFO] [stdout] 
[INFO] [stdout] For more information about an error, try `rustc --explain E0432`.
[INFO] [stdout] 
[INFO] [stderr] error: could not compile `marsrover`.
[INFO] [stderr] 
[INFO] [stderr] To learn more, run the command again with --verbose.
[INFO] [stderr] warning: build failed, waiting for other jobs to finish...
[INFO] [stderr] error: build failed
[INFO] running `Command { std: "docker" "inspect" "91a47e31481b0bdbab2342213f0ac85faf5d3831e953093f30103cd0feef164e", kill_on_drop: false }`
[INFO] running `Command { std: "docker" "rm" "-f" "91a47e31481b0bdbab2342213f0ac85faf5d3831e953093f30103cd0feef164e", kill_on_drop: false }`
[INFO] [stdout] 91a47e31481b0bdbab2342213f0ac85faf5d3831e953093f30103cd0feef164e
